remainder when r is divided by 17.
15
Let k be -6*((-476)/(-8))/7. Let q = k - -117. Calculate the remainder when q is divided by 17.
15
Let t be 7 + (-6)/3 + 0. Let z = t + 63. Calculate the remainder when z is divided by 23.
22
Suppose -16*f = -1618 + 290. What is the remainder when f is divided by 14 - ((-1)/1 - 0)?
8
Let s be 0 - (-3 - (3 + 65)). Let x = 79 - s. Calculate the remainder when x is divided by 5.
3
Suppose -49*d + 58*d - 216 = 0. What is the remainder when 118 - ((-2)/(-2) - 0) is divided by d?
21
Let k = 9 - 6. Suppose -k*t = 2*l - 74, -5*t + 0*l + 3*l + 98 = 0. What is the remainder when t is divided by 0 + (7*1 - 18/9)?
2
Let k(l) = -2*l + 60. Let i be k(0). Suppose 2*x = -3*x + i. Calculate the remainder when 57 is divided by x.
9
Let y(i) = -i**3 - 5*i - 5. What is the remainder when 20 is divided by y(-2)?
7
Let a = 49 + -18. Calculate the remainder when ((-8)/(-2) - -146) + 1 is divided by a.
27
Let w(z) = 5*z - 89. What is the remainder when 25 is divided by w(20)?
3
Let c(a) = -2*a + 28. Let r be c(13). Suppose o + r = 6. Calculate the remainder when (3 - (o + -2)) + 3 is divided by 3.
1
Let o be (30 - 26) + ((-2)/2 - 1). Let f(a) = 5*a**2 - 5*a + 6. Calculate the remainder when 62 is divided by f(o).
14
Suppose 0 = -6*m + 621 + 447. Calculate the remainder when m is divided by 17.
8
Let k = 1 - -1. Suppose 3*d - 4*n = 6*d - 46, -d + k*n = -22. Let z(r) = 19*r**2 - 5. What is the remainder when z(2) is divided by d?
17
Suppose -15*q + 190 = -14*q. Calculate the remainder when q is divided by 15.
10
Suppose 5*d - 36 = -2*p, -2*p + d + 32 = 5*d. Let z(b) = 3*b**3 + b**2 - b - 1. Let u be z(3). Calculate the remainder when (p/(-16))/((-1)/u) is divided by 22.
21
Suppose 3*m - 2*m = 0. Suppose 0*t + t - 49 = m. Suppose 5*v = -0 + 50. What is the remainder when t is divided by v?
9
Suppose -3*j + 5 = -46. Let s = 6 - -18. Let x = s + -15. What is the remainder when j is divided by x?
8
Suppose 9*h = 8*h - 3*q + 121, -4*h + 3*q = -544. Calculate the remainder when 653 is divided by h.
121
Let u = 95 - -664. Suppose -u = -6*b - 5*b. What is the remainder when b is divided by 25?
19
Let d = 72 - 49. Suppose 0 = 5*x - d - 22. Suppose 3*y = -5*b + 114, 5*y - 7*y - 2*b = -72. What is the remainder when y is divided by x?
6
Let j = 81 - 42. Let m(l) = 40*l - 1105. What is the remainder when j is divided by m(28)?
9
Let z = -18 + 26. Let o(u) = -u**2 - 24*u + 46. Calculate the remainder when o(-25) is divided by z.
5
Suppose 979 = 4*p + 2*v - 339, -4*p = -v - 1327. What is the remainder when p is divided by 68?
59
Let x = -61 - -91. Let s(o) = o**2 + 33. Let f be s(0). Suppose -4*c + c = -f. Calculate the remainder when x is divided by c.
8
Let k(y) = -y**2 - 2*y + 12. Let d = 0 + 5. Suppose 3*o = d*t - 1, -t + 2*o - 4 = -0*t. What is the remainder when k(-4) is divided by t?
0
Suppose -53 = -4*u + 63. Calculate the remainder when 170 is divided by u.
25
Let j be 12/(-36) - 74/(-6). Let g be ((-1)/3)/((-10)/300). Let a = g + j. What is the remainder when a is divided by 12?
10
Suppose 1566 + 723 = 21*u. Calculate the remainder when u is divided by ((-2)/4)/(3/(-132)).
21
Let s = 928 - 924. Suppose 0 = -2*x + 5*y + 2, 9*x - 4*x + 2*y = 34. Calculate the remainder when x is divided by s.
2
Let p(x) = -8*x + 2. What is the remainder when p(-27) is divided by 10?
8
Let k = 386 - 374. What is the remainder when 105 is divided by k?
9
Let p = 116 - 111. Suppose -c - i = -p*c + 52, -i = -c + 10. What is the remainder when c is divided by 4?
2
Let v be (-28)/6*13/(-26)*45. Suppose 4*a + 21 + 212 = -j, 0 = -2*a + 5*j - 133. Let m = a + v. What is the remainder when m is divided by 16?
14
Suppose 12*r - 375 = -111. What is the remainder when (0 - 260/(-1)) + 1 is divided by r?
19
Let p be (-9)/21*2*-7. Let n be ((-1)/(-1))/((-3)/p). Let d(q) = q**3 + 7*q**2 + 5*q + 4. Calculate the remainder when d(n) is divided by 3.
2
Let p(n) = n + 15. Let r be (35/(-14))/((4/(-2))/(-4)). What is the remainder when 19 is divided by p(r)?
9
Let b(s) = 7*s**2 + 7*s - 8. Calculate the remainder when b(4) is divided by (12/16)/((-12)/(-544)).
30
Let x(d) = -d**3 - 9*d**2 - 3*d. Let v be (-1)/(-1 + 10/9). Calculate the remainder when x(v) is divided by 10.
7
Suppose 0 = l - 2 + 1. Let y = 3 + l. Suppose -1220 = -93*p + 23*p - 52*p. What is the remainder when p is divided by y?
2
Let v(h) = h**3 + 6*h**2 - 13*h - 7. Let y be v(-7). Suppose -y - 82 = -9*r. Let d = -104 - -155. What is the remainder when d is divided by r?
12
Let m(s) = -s**2 + 20*s + 135. Calculate the remainder when ((-18)/7)/(4/(-28)) is divided by m(25).
8
Let s = 904 - 902. Calculate the remainder when 18 is divided by s.
0
Calculate the remainder when 1701/21 - (0 - -1) is divided by 21.
17
Suppose 2*i = -0*i + 124. Let z = 63 + -59. Suppose -2*q + 5*o = -51, -5*q + z*o + 104 - 19 = 0. Calculate the remainder when i is divided by q.
10
Let k = -38 + 84. What is the remainder when k is divided by 18?
10
Suppose 107 - 7 = 5*v. Suppose -f - v = -48. What is the remainder when 52 is divided by f?
24
Let v = 143 + -125. What is the remainder when 69 is divided by v?
15
Suppose c + 3*c = -4*h + 24, 27 = 5*c + 2*h. Suppose 5*b - 1125 = 3*x, c*b + x = 6*x + 1135. Let u = b - 140. What is the remainder when u is divided by 17?
14
Let z = 76 - 64. What is the remainder when 66 is divided by z?
6
Suppose 5*n - t + 28 = 0, -6*n + 3*n = -4*t + 10. Let m be n - (-2 + 1/1). Let g = m - -17. What is the remainder when g is divided by 7?
5
Let t = 9 + -5. Suppose -t*i - 124 = -0*i. Let s = i + 47. What is the remainder when s is divided by 9?
7
Let p(a) = 2*a + 167. What is the remainder when p(11) is divided by 62?
3
Let n(l) = -l**3 - 6*l**2 - l - 5. Suppose -5*o - 14 - 16 = 0. Let s be n(o). What is the remainder when 3 - (s - 79)*1 is divided by 21?
18
Let a(f) = -6*f**3 + 7*f**3 + 1 - 10*f**2 - 9 + 11*f. Calculate the remainder when 18 is divided by a(9).
8
Let b = 38 - 56. Suppose 153 = 10*z - 187. Let r = z + b. What is the remainder when 47 is divided by r?
15
Let l(p) = 53*p - 3. Let j(m) = -35*m + 2. Let k(r) = -8*j(r) - 5*l(r). What is the remainder when k(4) is divided by 0 - (-1 + -20 - -1)?
19
Let w(r) = 4*r**3 + 9*r**2 - 3*r - 4. Let v be w(-4). Let x = v + 257. Calculate the remainder when x is divided by 31.
29
Suppose -4*l - 19 - 53 = 0. Let n be -2*2*567/l. What is the remainder when n/8 + 18/(-24) is divided by 8?
7
Suppose 0 = -9*b - 4*b. Suppose b = -5*i + 7*i - 244. What is the remainder when i is divided by 31?
29
Suppose -1439 = -36*g + 217. What is the remainder when 263 is divided by g?
33
Suppose -3*t - 2*a + 166 = 0, t + a - 78 = -21. Calculate the remainder when 29 is divided by 22/(-33) + t/6.
5
Suppose -18*s + 22*s - c = 127, -5*s - 2*c + 162 = 0. Calculate the remainder when s is divided by (-276)/(-15) + 2/(-5).
14
Suppose -5*w + 402 + 145 = -3*z, 0 = -2*w - 5*z + 194. Suppose t - w = 2*u, 3*t + 2*t + u = 491. What is the remainder when t is divided by 25?
24
Suppose 0 = 4*j - 0*j + 60. Let a = -2 - j. What is the remainder when (-15)/(-4*(-6)/(-80)) is divided by a?
11
Suppose 0 = -2*b - 8*b - 230. Let w = b - -101. Calculate the remainder when w is divided by 20.
18
Suppose 5*z = 1 + 9. Calculate the remainder when 46 is divided by (1 - 2)*z*-6*1.
10
Let o = 11 - -15. Let a(c) be the first derivative of c**4/4 + 4*c**3 + 3*c**2/2 - 12*c + 19. What is the remainder when a(-11) is divided by o?
24
Let d(t) = -t**3 + 17*t**2 + 17*t - 5. Let l be d(18). Let o = 31 + l. What is the remainder when 12 is divided by o?
4
Suppose -24 = -4*s + 4*h - 0, 0 = -2*s - h + 27. Let u be -1*(0 - -3)*164/(-6). Suppose 2*c = -0*c + u. Calculate the remainder when c is divided by s.
8
Let i(v) = -v**2 - 12*v + 65. Let d(p) = -p + 28. What is the remainder when d(-11) is divided by i(-15)?
19
Suppose -4 = -39*t + 971. What is the remainder when 56 is divided by t?
6
Suppose -2*j = 3*j - 135. Let y(d) = 5*d - 5. Suppose 0 = 2*v + 5*b + 7, 2*v - 4*b - 7 = 13. Calculate the remainder when j is divided by y(v).
12
Suppose 0 = -5*p - 10, -2*p + 3*p = -5*j + 378. Calculate the remainder when 376 is divided by j.
72
Let r = 214 + -124. Suppose -r = -4*y - 3*c, 4*c - 2 = 3*c. Suppose s - 2*s = 4